lculate the remainder when (v/3)/(12/(-702)) is divided by 10.
9
Suppose 0 = 6*j - 4*j - 40. Let y(k) = 2*k**2 + 3*k + 7. Let f be y(-6). Let a = f + -24. Calculate the remainder when a is divided by j.
17
Let g(t) = t**3 - t + 47. Suppose 76 - 36 = 2*w. Calculate the remainder when g(0) is divided by 464/w + -6 + 8/10.
11
Let i = -34 + 39. Suppose 25 = r - 5*t, r + 5*t + 30 = 3*r. Suppose -r*k + j + 19 = 0, 3*k - 15 + 0 = -3*j. Calculate the remainder when i is divided by k.
1
Let q be -87*(4 - (-50)/(-15)). Let p = -33 - q. Calculate the remainder when p is divided by 14.
11
Suppose -2*w = w + 4*k - 28, 0 = -4*k + 16. Suppose -2*a + 6*s + 22 = 11*s, -s + 8 = w*a. What is the remainder when 2 is divided by a?
0
Let k(u) = -27*u + 1. Let a be k(-6). Let g = a + -107. Suppose 0 = 4*o + 2*l + l - g, 2*o - l = 18. Calculate the remainder when 19 is divided by o.
8
Suppose 35*p - 23*p - 84 = 0. Calculate the remainder when 1012 is divided by p.
4
Let f = -147 - -208. Calculate the remainder when f is divided by 31.
30
Suppose 87*t - 5016 = 54*t. Calculate the remainder when t is divided by 142.
10
Let n(u) = -u**3 - 8*u**2 - 17*u + 2. Calculate the remainder when 125 is divided by n(-6).
29
What is the remainder when (-1117 + 9)/((-4)/1) is divided by 35?
32
Let v = -132 + 193. Calculate the remainder when v is divided by 40.
21
Let j be -7*(16/14 + -2). Let v(h) = -8 + 9*h + 5*h - 7*h. Calculate the remainder when v(j) is divided by 7.
6
Calculate the remainder when 85 is divided by (1 - 0)/((-1164)/90 - -13).
10
Let r = 36 - 25. Let k(s) = -3*s**2 + 2*s - 2. Let d be k(2). Let i(t) = -3*t + 1. Calculate the remainder when i(d) is divided by r.
9
Let y = 803 + -565. What is the remainder when (-30)/10*y/(-3) is divided by 48?
46
What is the remainder when 61 is divided by 5*(4/(-20) + 2)?
7
Calculate the remainder when 164 is divided by (-95)/(-50)*(-60)/(-6).
12
Calculate the remainder when 125 is divided by 3/2*-2*4014/(-446).
17
Suppose 128 = -u - 2*w, -128 = u + 5*w - 2*w. Let y = -98 - u. Calculate the remainder when y is divided by 4/(-10) - (-124)/10.
6
Let y(i) = i**3 + 8*i**2 + 2*i + 5. Let w(v) = -2*v - 6. Let z be w(-6). Suppose -z*p + 85 = -p. What is the remainder when y(-6) is divided by p?
14
Let u = 53 - 78. Let m = u - -69. Calculate the remainder when m is divided by 23.
21
Let t = -11 + 222. Calculate the remainder when t is divided by 20.
11
Calculate the remainder when (110 + 8)*(-2)/(-4) is divided by 11.
4
Suppose -3*b + 132 = 2*c, -220 = -5*c + 3*b + 68. What is the remainder when 596 is divided by c?
56
Let f(o) = 4*o - 6. Suppose 0 = -6*r - 4*r + 80. Suppose 0*u - 30 = -5*u. Calculate the remainder when f(r) is divided by u.
2
Suppose -267 = -3*l + v, 0*l - v = 3*l - 267. Let n = -53 - -12. Calculate the remainder when l is divided by (-15 - n)/(1*(-2)/(-1)).
11
Let a(k) = 5*k + 103. What is the remainder when 48 is divided by a(-17)?
12
What is the remainder when 21 is divided by 2/(4/42*(4 - 1))?
0
What is the remainder when 16 is divided by 1*(-3)/12 + 13/4?
1
Suppose -46 = -4*u - z + 283, 2*u - 4*z = 178. Let s be (-70)/8*(0 - 4). Let f = s - 14. Calculate the remainder when u is divided by f.
20
Let b(k) = 45*k - 4. Let q = 23 + -21. What is the remainder when b(q) is divided by 44?
42
Suppose 0 = -i + 4*z + 1195, 4*i + 2*z = -1797 + 6559. Calculate the remainder when i is divided by 24.
15
Let n be -2 + 1 - (-3 - (7 - -15)). What is the remainder when 90 is divided by n + -8 + 9 + (0 - 2)?
21
What is the remainder when 66 is divided by (-68)/(-7) - 8*12/(-336)?
6
Calculate the remainder when 282 is divided by (-38)/5*5/(-2).
16
Suppose 0 = 117*n - 115*n - 4784. Calculate the remainder when n is divided by 38.
36
Suppose 0 = 5*a - 10*a + 25. Suppose 0 = 5*l + a*m - 330, 0*l + 3*l - 4*m = 233. Calculate the remainder when l is divided by 18.
17
Suppose -6*r = 3*r - 306. Let t(x) = x + 2. Calculate the remainder when r is divided by t(7).
7
Suppose 5*z - 63 = 2*z. Suppose 22*m = z*m + 41. What is the remainder when m is divided by 24?
17
Let f(x) = -2*x + 6. Let l be f(0). Let z(d) = d**2 - 5*d - 1. What is the remainder when 14 is divided by z(l)?
4
Suppose -4*s + 9*s - 26 = 4*t, 5*t - 29 = -4*s. Suppose -15*m = -4*f - 13*m + 46, -3*m = -5*f + 55. What is the remainder when f is divided by s?
2
Let x = 198 + -4. What is the remainder when x is divided by 66?
62
Suppose -4*k + 8*k = 48. What is the remainder when 51 is divided by (13/(-4))/((-3)/k)?
12
What is the remainder when 91 is divided by (-16)/((-36)/(-27) - 21/9)?
11
Let i(n) be the first derivative of n**2/2 + 21*n + 16. What is the remainder when 55 is divided by i(-7)?
13
Let k(h) = h**3 + 12*h**2 + 10*h - 15. Let l be k(-11). Let q be 1/(-4) - (-75)/(-4). What is the remainder when (-1)/(l/q)*-4 is divided by 7?
5
Let k(l) be the second derivative of 5*l**4/12 - l**3/3 + l**2 + 13*l. Let p(f) = -f. Let m be p(2). Calculate the remainder when 75 is divided by k(m).
23
Calculate the remainder when 246 is divided by -17 - -20 - (4 - -1) - -21.
18
Let z = 733 - 518. What is the remainder when z is divided by 74?
67
Let q = 4 + 3. Suppose -2*h - 12 = -4*y, -4*h + 19 = 2*y - 7. What is the remainder when q is divided by y?
2
Let m(a) = a**3 + 6*a**2 - 6*a - 2. Calculate the remainder when 376 is divided by m(-4).
52
Suppose 0*g + q + 12 = 4*g, 4*g + 4*q = -8. Suppose -g*i + 8 = 2*i. What is the remainder when 33 is divided by (i - 5)/((-5)/15)?
6
Suppose -22 = -2*j + 58. Let r(v) = -v**2 - 29*v. Calculate the remainder when r(-26) is divided by j.
38
Let t(s) = s**3 - s**2 + 5*s + 3. Let f be t(4). Suppose -2*b - 2*i + 3*i = -38, -f = -3*b - 2*i. Calculate the remainder when b is divided by 6.
3
Let m(j) = j**2 + j + 4. Let i(o) = 4*o - 6. Let k be i(-13). What is the remainder when k/10*(-5 - 0) is divided by m(-3)?
9
Let y(d) = -600*d - 3. What is the remainder when y(-1) is divided by 26?
25
Let a be (18/7)/((-7)/(-294)). Let z be -5*7/(105/a). Let j = -26 - z. Calculate the remainder when j is divided by 6.
4
Suppose -17 = -3*h - 4*j + 8, -h = j - 8. Let w = h - -89. Let g = 18 - 4. Calculate the remainder when w is divided by g.
12
Suppose 4*p - g = 59, 3*g - 1 = 2. Suppose 4*y = 3*y - 4. Let z(t) = -2*t**3 - 5*t**2 - 5. What is the remainder when z(y) is divided by p?
13
Let t be -1 + (-8)/(-6) - (-362)/(-6). What is the remainder when 42 is divided by (-1)/((-4)/t*-1)?
12
Let a be (-299)/(-46) - ((-10)/4 + 1). Suppose 35 = a*g - 13. Calculate the remainder when 63 is divided by g.
3
Let r = 11 + 21. Suppose b + 4*k = -k, 0 = 4*b + 4*k - r. Suppose b + 1 = x. What is the remainder when 43 is divided by x?
10
Suppose 4*y - h - 3152 = 0, -4*y = 10*h - 13*h - 3152. What is the remainder when y is divided by 9?
5
Let d(w) = w**3 + 11*w**2 - 11*w + 16. Let h be d(-12). Let o = h + -4. Suppose o = -5*c + 161 + 109. What is the remainder when c is divided by 14?
12
Suppose 24 = -0*c - 4*c. Let w be (-8)/c*132/8. Suppose -3*f - 4 + w = 0. What is the remainder when 9 is divided by f?
3
Suppose -3*i = -2*c - 6, i - 8*c = -3*c + 15. Let w = i - -1. What is the remainder when 7/2*((-720)/(-84) - 8) is divided by w?
0
Let a = 77 + -29. Suppose 0 = t - 0*t - 9. Suppose -a = -3*q + t. Calculate the remainder when 73 is divided by q.
16
Let z(o) = -3*o + 57. Calculate the remainder when 310 is divided by z(18).
1
Let b(w) = 3*w + 6*w - 20 + 3*w + 7*w. Calculate the remainder when 146 is divided by b(3).
35
Let a be (-5)/(-5) - (2 + -6). Suppose a*y = -0*y + 135. What is the remainder when y is divided by 3/(-3) - (-22)/2?
7
Let a(j) = -14*j + 32*j**2 + j**2 + 10*j + 5*j. Let p be a(1). Suppose -p = 2*z - 84. Calculate the remainder when 99 is divided by z.
24
Let w(t) = 3*t**2 + 16*t + 13. Let q(n) = -2*n + 20. Let g be q(14). What is the remainder when w(g) is divided by 16?
13
Suppose d + 19 = 58. Suppose 5*k = 4*s + 33 + 8, -5*s = 5*k - 5. Calculate the remainder when d is divided by k.
4
Suppose -11*b = -9*b - 2. Calculate the remainder when (-1 - (0 + -3)) + 75*b is divided by 20.
17
Suppose 218*d - 118 = -z + 217*d, 0 = 3*z - 5*d - 362. Suppose 4*n - n = 0. Suppose -2*a + 34 + 26 = n. What is the remainder when z is divided by a?
29
Suppose 3*j = 402 - 9. Cal